 List the prime factors of q/(-9) - (-4)/(-6).
2
Let z be 60/14 + 6/(-21). Suppose -z*p + 46 = -90. Suppose 3*q - p = 5. List the prime factors of q.
13
Let x(g) = -3*g**2 - 3*g + 2. Let n be x(2). Let h = n + 27. Suppose -4*a = -1 - h. List the prime factors of a.
3
Suppose 52 = -4*b - 5*f, 4*b + 8 = f - 20. Let q = 10 + b. What are the prime factors of q?
2
Let z(o) = 38*o**3. Suppose -3*t = -2 - 1. Let p be z(t). Suppose s - 3*s = -p. What are the prime factors of s?
19
Suppose 4*t - 36 = 116. List the prime factors of t.
2, 19
Suppose -5*n + 6 = -4. Suppose z = n*z - 5. Suppose -z*i + 0 = 5*u - 30, -2*u - 65 = -5*i. List the prime factors of i.
11
Suppose -4*s = -o + 1, 4*o + 0*o - 17 = 3*s. Let q be -1 + -1*1 + 1. List the prime factors of (q + 2)/(s/2).
2
What are the prime factors of (2 - 2)/(-5) + (1 - -6)?
7
Let w = -83 - -148. List the prime factors of w.
5, 13
Suppose -t = -17 - 14. What are the prime factors of t?
31
Let a(o) = 2*o**2 - 5*o + 32. List the prime factors of a(8).
2, 3, 5
Let k(p) = 7*p**3 - p**2 + 1. Let b be k(-1). Let t = -5 - b. What are the prime factors of t?
2
Suppose -8*z + 296 + 1080 = 0. List the prime factors of z.
2, 43
Let f be (-6)/(-10) + (-18)/5. Let l = 0 - f. Suppose 0 = -l*u + 18. What are the prime factors of u?
2, 3
Suppose 14 = 2*w - 38. List the prime factors of w.
2, 13
Let q(d) = d**2 - 1. Let c(a) = a**3 + 13*a**2 - 11*a + 4. Let z(h) = c(h) - 3*q(h). What are the prime factors of z(-11)?
7
Suppose 5*a - k + 5 = -38, 2*a = k - 16. Let l be (-46)/6 + (-2)/(-3). Let c = l - a. List the prime factors of c.
2
Let s(d) = -6*d + 5. Let i be s(-4). Let x = 44 - i. List the prime factors of x.
3, 5
Suppose 4*a - 28 = -100. Let d = a - -29. What are the prime factors of d?
11
Let o be 1/2 - 18/4. Let d be (-56)/3 - o/6. What are the prime factors of (-28)/21*d/4?
2, 3
Let o be 1/3 - (-2)/(-6). Let m(x) = o*x + 1 + 0*x + 15*x**2. What are the prime factors of m(1)?
2
Let x(t) = t**2 + 9*t - 4. Let k(f) = -5*f**2 - 37*f + 17. Let p(n) = 2*k(n) + 9*x(n). List the prime factors of p(6).
2
Suppose 584 = 7*z - 3*z. What are the prime factors of z?
2, 73
Let v(w) = w - 2. Let d be v(6). Suppose t - d = 2. Suppose 21 - 9 = g + 4*p, -3*g + t = -3*p. List the prime factors of g.
2
Suppose 2*l - 4*j + 330 = 5*l, -2*l + 200 = -4*j. List the prime factors of l.
2, 53
What are the prime factors of 5/(-2)*2976/(-80)?
3, 31
Let s = 12 - -11. Let h = s - 8. List the prime factors of h.
3, 5
Let a(p) = p - 1. Let h be a(5). Suppose -h*k - k = -60. List the prime factors of k.
2, 3
Suppose 5*t - 3 = 197. List the prime factors of t.
2, 5
Suppose -6*f = -3*f. Suppose 0*w + w - 5 = f. What are the prime factors of w?
5
Let b be (-2)/(-3) + 16/(-24). Let l = 18 + -11. Let w = b + l. List the prime factors of w.
7
What are the prime factors of (-1)/((5 + -2)/(-75))?
5
Let d(w) be the first derivative of -w**4/4 + 5*w**3/3 + 3*w**2 + 7*w - 6. Let q be (4/(-6))/(2/(-18)). List the prime factors of d(q).
7
Suppose 449 = 8*a - 463. List the prime factors of a.
2, 3, 19
Let s be -1 + 4 - (-4 - 3). Suppose -f - 5*x + s = 0, -f + 35 = f - 5*x. What are the prime factors of f?
3, 5
Let b be ((-4)/(-2))/2 + 1. What are the prime factors of ((-1)/(-2))/(b/52)?
13
Let b be (-2)/(-8) - (-489)/12. Suppose -3*u = -b - 1. List the prime factors of u.
2, 7
Suppose 154 = 3*s - 8. List the prime factors of s.
2, 3
Let a(r) = 14*r**3 + r**2 - 6*r - 1. Let o(j) = 13*j**3 + j**2 - 5*j - 1. Let x(s) = -6*a(s) + 7*o(s). Let k be 8/6 + (-2)/6. List the prime factors of x(k).
2
Let w = -13 - -24. What are the prime factors of w?
11
Suppose 331 = 6*g - 851. What are the prime factors of g?
197
Suppose 2*h = -2*h. List the prime factors of 3 + h/((-4)/2).
3
Let u(m) = -m**2 - 5*m - 2. Let f be u(-5). Let j(v) = -2*v**3 - 4*v**2 - 3*v - 1. What are the prime factors of j(f)?
5
What are the prime factors of 1/(-2)*(-7 + -175)?
7, 13
Suppose 2*n - 4*s = 152, 3*n = 7*n - s - 276. Suppose 0 = -0*i - 4*i + n. List the prime factors of i.
17
Suppose -3*n + n - 12 = 0. Let k = n + 5. List the prime factors of 4*(k - (-22)/4).
2, 3
Let p be (7/(-2))/((-4)/(-8)). Let g = 17 + p. What are the prime factors of g?
2, 5
Let p be (4/(-6))/(4/(-18)). Suppose -3*x = -2*v - v + 45, 2*x + 42 = p*v. Suppose v = u - 2*i - 3, 0 = -5*u - 4*i + 33. What are the prime factors of u?
3
Let r be (-2)/(-2)*(3 + -6). Let f be 1/r - 2/(-6). Suppose f*j - 22 = -2*j. List the prime factors of j.
11
Let h be 12/(-8) + 7/2. Suppose 4*d + 4*y = h*y + 62, -y = 4*d - 67. List the prime factors of d.
2, 3
List the prime factors of 16 - (1 + -3)/(-2).
3, 5
Let v(w) = 2*w**2 - 5*w + 5. Let a be (-1)/2 - (-27)/6. What are the prime factors of v(a)?
17
Let x(n) = n**2 - 6*n + 4. Let a be x(6). Let m be (a - -1) + (-3 - 0). List the prime factors of 24 + m/((-4)/6).
3, 7
Suppose -2*d = -0*d + 14. Let u = 20 - d. List the prime factors of 16/9 + 6/u.
2
Let s be (-2)/2 + (-9 - -12). Suppose 0 = 3*f + s*n - 56, 7*n + 3 = -f + 2*n. List the prime factors of f.
2, 11
Let a(h) = -h + 5. Let i be a(5). Suppose i = -5*b + 16 - 1. List the prime factors of 3/(18/8)*b.
2
Suppose 5 + 0 = -j, 2*j - 116 = -3*b. List the prime factors of b.
2, 3, 7
Let y = 26 - 1. What are the prime factors of y?
5
Let o(r) = -33*r - 20*r - r**2 + 67*r - 4. What are the prime factors of o(6)?
2, 11
Let b(h) be the first derivative of h**4/4 + 3*h**3 - h**2 - h + 2. List the prime factors of b(-9).
17
Let t(b) be the first derivative of -b**3/3 + 4*b**2 - 7*b - 2. Let l be t(7). Suppose h = -4*x - 21 + 50, -3*x + 15 = l. What are the prime factors of h?
3
Let y(h) = h**2 - h - 2. Let l be y(3). Let c be 12/(-1 - (-10)/l). Suppose 23 = 5*u + c, 2*p + 2*u = 34. List the prime factors of p.
2, 7
Let g(f) = -2*f**2 + f + 160. List the prime factors of g(0).
2, 5
Suppose 0 = -7*z + 3*z + 684. What are the prime factors of z?
3, 19
Let u(c) = -3*c**3 + c**2 - c - 1. Let q be u(-1). Suppose -188 = q*t - 4*y, 2*t - t + 5*y = -41. Let j = -28 - t. List the prime factors of j.
2, 3
Let u = 11 + -9. What are the prime factors of 5/(-3 + 11/u)?
2
Let t = 4 + -2. List the prime factors of ((-24)/30)/(t/(-25)).
2, 5
Suppose -3*c + 0*c = 63. Let o = c + 34. List the prime factors of o.
13
Let u(o) = 25*o - 1. Let f be u(1). Let d = f + -36. Let c = d - -17. List the prime factors of c.
5
Suppose 0 = 17*p - 10*p - 1246. What are the prime factors of p?
2, 89
Let m(z) = -65*z - 3 + 8*z + 4*z. What are the prime factors of m(-1)?
2, 5
Let k = 232 + -156. What are the prime factors of k?
2, 19
Let v(c) = c**2 - 8*c + 4. Let g be v(6). Let w be (-38)/g + (-2)/(-8). Suppose w*m + 4*p - 72 = 0, 0 = -0*m + 5*m - 2*p - 54. What are the prime factors of m?
2, 3
Let f(d) = -19*d + 21. Let a(s) = 10*s - 11. Let h(w) = 11*a(w) + 6*f(w). Let q(m) = 3*m - 4. Let i(j) = -2*h(j) - 3*q(j). What are the prime factors of i(0)?
2
Let j(p) = -p - 1. What are the prime factors of j(-6)?
5
Suppose 3*c + c = -f - 33, -2*c - 21 = -f. Let g = c - -12. What are the prime factors of g?
3
Suppose -2*p = -d - 267, -4*p - 5*d = -426 - 73. What are the prime factors of p?
131
Let c(u) be the second derivative of u**5/20 + 5*u**4/12 + u**3/3 - 2*u**2 - 2*u. Let k be -1*(2 + (-2)/(-2)). What are the prime factors of c(k)?
2
List the prime factors of (-74)/(-5) - (-2)/10.
3, 5
What are the prime factors of (25 - (5 - 8)) + 0?
2, 7
Suppose -58 = -w - w. What are the prime factors of w?
29
Suppose 4*t - 15 = -3. What are the prime factors of 37 + t + 3 - 2?
41
Suppose 6*w + 5*j = 2*w + 11, 4*j = -4*w + 12. Suppose -32 = -2*n + w. List the prime factors of n.
2, 3
Let b be ((-12)/10)/(2/(-10)). Let x = 17 + -10. What are the prime factors of 18*b/63*x?
2, 3
Suppose 5*g = g + 12. Let p be (4/5)/(2/10). Suppose p*c + 2*r - 56 = 0, -c - g*c - 3*r + 52 = 0. List the prime factors of c.
2
Suppose k = 4*i - 5*i + 90, -4*k - 2*i = -360. What are the prime factors of k?
2, 3, 5
Suppose 0 = 3*x, 2*x - 5*x - 26 = -2*l. Let f = l - 9. List the prime factors of f.
2
Let o(u) = 2*u - 1. Let j be o(-4). Let n(z) = -z**3 + 7*z**2 - 6*z + 3. Let l be n(4). Let h = j + l. What are the prime factors of h?
2, 3
Suppose 0 = -4*j + 2*o + 24, -3*j + 0*o + o = -16. Suppose 0 = -j*g + v + 58, -2*